*2 + 2. Suppose 3*j + 3*b - 12 = 0, -14 = -3*j - b - 4*b. Suppose 0*n - 66 = -j*n. What is the remainder when n is divided by m(1)?
10
Let p(o) = o - 12. Suppose 0 = 5*u + 2 - 17. What is the remainder when p(21) is divided by u?
0
Suppose 4*r - 1 = -33. Let h = r - -53. What is the remainder when h is divided by 12?
9
What is the remainder when 230/(-135)*-6 + 4/(-18) is divided by 2?
0
Let w(l) = -3*l - 1. Let x be w(-2). Suppose -x*c - 5 = 4*s + 25, c - s - 3 = 0. Calculate the remainder when (0 - (10 + c))*-4 is divided by 17.
15
Suppose 2*q + 2*n = -2*q + 64, -2*n + 22 = q. Suppose 4*d - d = -j + q, 2*j = -2*d + 36. Let x = -6 + j. What is the remainder when 41 is divided by x?
13
Let o(u) = u**3 + u + 11. Calculate the remainder when o(0) is divided by 6.
5
Let a = -51 + 18. Let k = -18 - a. What is the remainder when 43 - 1 - (1 - 2) is divided by k?
13
Let o = 61 + -36. Suppose 4*m - 3*m - o = 0. Let c = 159 - 150. What is the remainder when m is divided by c?
7
Let b(g) = 3*g**2 - 4*g + 1. Let i be b(4). Let n = -14 + i. What is the remainder when 55 is divided by n?
17
Suppose 5 + 38 = 5*t + 2*m, -8 = -4*t + 5*m. Let w(j) = 3*j - 8. Calculate the remainder when w(t) is divided by 7.
6
Let l be 12*((-6)/(-4) - 2). Let y(q) = -q**3 - 5*q**2 + 2*q + 3. What is the remainder when y(l) is divided by 14?
13
Let i be (0 - 1) + 0/(-1). Let r = i - -5. Let j = 13 - 8. Calculate the remainder when j is divided by r.
1
Let t = 31 - 21. What is the remainder when 79 is divided by 6*1*t/3?
19
Suppose -5*k + 3*k = -34. What is the remainder when 30 is divided by k?
13
Let x = 20 - 14. Suppose 5*q + 7 - 27 = -w, -2*q - 4*w = 10. Suppose -c = u - 2 - q, -31 = -u + 5*c. What is the remainder when u is divided by x?
5
Suppose -15 - 34 = -3*f + 5*g, 4*g - 31 = -3*f. Suppose 180 = 8*w - 3*w. Calculate the remainder when w is divided by f.
10
Suppose 4*m + 30 = -42. What is the remainder when (-1 + 2)/((-2)/m) is divided by 5?
4
What is the remainder when (-1 - 0) + 5/1 is divided by 2?
0
Suppose 5*u - 419 - 16 = 0. Calculate the remainder when u is divided by 15.
12
Let s = -34 + 48. Calculate the remainder when 39 is divided by s.
11
Let n(c) = -c**2 + 6*c + 8. Let r = 15 + 2. Let z = r - 11. Calculate the remainder when 15 is divided by n(z).
7
Suppose -5*r + 12 = -2*r. Suppose r*m = 2*m + 6, -49 = -4*c + 5*m. Calculate the remainder when c is divided by 6.
4
Let t(g) = 6*g**2 - 4*g - 12. What is the remainder when t(-2) is divided by 15?
5
Let o(i) = 18*i - 1. Let b be o(1). Let a = b + -11. Suppose 5*w = 3*x + 121, -w = -a*w + x + 117. Calculate the remainder when w is divided by 8.
7
Suppose 0 = 7*y - 6*y - 4. Suppose 3*t + 0*t = 6. Suppose t*l = -5*d + 6*l + 111, -4*l = -y*d + 88. What is the remainder when d is divided by 8?
7
Let b = -20 - -36. Calculate the remainder when 63 is divided by b.
15
Suppose -3*m = m - 88. Suppose 4*d - 50 - m = 0. Calculate the remainder when d is divided by 7.
4
Suppose -6*x = 4*f - 5*x - 222, 2*f = -x + 112. What is the remainder when 109 is divided by f?
54
Let u(k) = k**2 - 5*k - 6. Let g be u(6). Suppose n - 1 = -g*n. Let i = 8 - 7. What is the remainder when n is divided by i?
0
What is the remainder when (-8)/(-6)*(3 - (-156)/8) is divided by 16?
14
Suppose 0 = 4*t - 3*t - 61. What is the remainder when t is divided by 8?
5
Let o = 157 + -103. Calculate the remainder when 214 is divided by o.
52
Let k(m) be the second derivative of -m**3/3 - m**2 - m. What is the remainder when (2/(-4))/((-1)/4) is divided by k(-2)?
0
Let k = -15 + 47. Suppose g = -4*g + 85. What is the remainder when k is divided by g?
15
Suppose 5*n - 101 + 1006 = 0. Let i be 2/(-6) - n/3. Suppose -k - 4 = 0, 3*p - 3*k = i + 9. Calculate the remainder when p is divided by 10.
9
Let r be (-45)/5*1/3. Let s(x) = 2*x**2 - 3. Let m be s(r). Suppose -3*c + m = 2*c. Calculate the remainder when 6 is divided by c.
0
Suppose -3*o + 168 = z, -o = -0*o + 3*z - 64. What is the remainder when o is divided by 15?
10
Suppose 4*c = 5 - 53. Let f = -9 - c. Calculate the remainder when 9 is divided by f.
0
Let g(a) = -a**3 - 9*a**2 - 8*a - 5. Let r be g(-8). Let t(z) = -z**2 - 6*z + 6. What is the remainder when 29 + 1 + (-1 - -2) is divided by t(r)?
9
Suppose m - 64 = -2*y, 0 = 5*m + 4*y + 26 - 334. What is the remainder when m is divided by 21?
18
Suppose 0*m = -3*r - m + 37, 5*r = 4*m + 56. Suppose 0 = i - 0*i - 47. What is the remainder when i is divided by r?
11
Let i(u) = u + 26. Calculate the remainder when 21 is divided by i(-14).
9
Let s be 0*(1 - (-2)/(-4)). Suppose s = -2*a - a + 6. Suppose w - 48 = -a*w. Calculate the remainder when w is divided by 9.
7
Suppose -2*s + 0*a + 5*a - 12 = 0, -3*a = -12. Suppose -s*z + 2*u + 116 = 6*u, -4*u = -z + 49. Calculate the remainder when z is divided by 7.
5
Suppose i = -2*s + 10, -i = 3*s + s - 18. Calculate the remainder when i is divided by (6/(-24)*2)/((-1)/4).
0
Suppose -3*k + 7*k = 8. Suppose -4 - 18 = -k*y. What is the remainder when 20 is divided by y?
9
Suppose -2*w - 103 = -5*m, -2*m + 45 = -3*w + 6*w. Suppose m = 3*n + 3*o, n + 3*o - 2 = -1. Calculate the remainder when 17/1 - (-1 - 0) is divided by n.
8
Suppose -8 = -5*p + p. Suppose f - 5*s = -2*f - 44, -4*f = 2*s + 24. Let r = p - f. What is the remainder when 29 is divided by r?
9
Let z(k) = k**2 - 8*k + 8. Let a(g) = g + 12. Let c be a(-5). What is the remainder when 2 is divided by z(c)?
0
Let h = 23 + 53. Suppose -2*f = 5*n - 52, -f - 4*f = -n - h. What is the remainder when f is divided by (-6)/(-15) + (-86)/(-10)?
7
Let s be 7 - (0/(-2) + -2). Suppose -5*u + s = -16. Suppose -12 = -4*h, 3*g = 6*h - 4*h + 36. What is the remainder when g is divided by u?
4
Suppose 2*z - 4 = 2. Let q = 7 - 4. What is the remainder when 26 is divided by z + -1 + 21/q?
8
Let o(s) = 23*s**2 - 2*s + 1. Let r be o(1). Let f = 54 - r. What is the remainder when f is divided by -1 - 1 - (12 + -25)?
10
Let y = 13 + -8. Suppose -4*q + 19 = h - 10, -y*h = 2*q - 37. Let g(w) = -w**3 + 6*w**2 - 5*w + 4. What is the remainder when q is divided by g(5)?
2
Let f(v) = 3*v**2 - 6*v - 4. Let t be f(-4). Let m = -20 + 38. What is the remainder when (t/6)/(1/3) is divided by m?
16
Suppose u = -3*u. Suppose -4*k = -k - h - 61, u = -2*h - 8. What is the remainder when k is divided by 40/6*3/2?
9
Let m(w) = w**2 + w + 3. Let i be m(0). Suppose -i*j + 7 = -5. What is the remainder when j is divided by 2?
0
Suppose 2*g - 16 = 5*i - 0, 5*g - 5*i - 10 = 0. Let z = g + 4. Let m = 5 - 3. What is the remainder when m is divided by z?
0
Suppose 0 = -2*f - 3*u + 4*u + 100, f + 2*u = 50. Let o(g) = g**2 + 1. Let v be o(-2). Suppose -v*m + 60 = -5. Calculate the remainder when f is divided by m.
11
Suppose -88 = -5*u - 2*h, 0 = -3*u - 3*h + 2*h + 53. Calculate the remainder when 70 is divided by u.
16
Suppose -3 - 1 = -4*k. What is the remainder when 40 is divided by 20/1 + (2 - k)?
19
Let k(a) = -a - 2. Let q be k(-5). Suppose 0 = -h - 2*n + 3*n + 3, -q*h - n = -29. Calculate the remainder when h is divided by 3.
2
Let k = -252 + 364. Calculate the remainder when k is divided by 29.
25
Let g(p) be the third derivative of p**4/24 - 4*p**3/3 - 3*p**2. Calculate the remainder when 7 is divided by g(11).
1
Suppose 0 = -5*s + 4*d + 4 + 26, -s + 3*d = 5. Let l(g) = -g**3 + 9*g**2 + 12*g - 15. Let r(b) = -4*b - 3. What is the remainder when r(-3) is divided by l(s)?
4
Suppose 0 = -4*y - 0*y + 28. Calculate the remainder when 29 is divided by y.
1
Let p(n) = n**3 + 10*n**2 - 7*n - 8. Calculate the remainder when p(-10) is divided by 16.
14
Let p be (2*36)/2 - 0. Suppose 0 = 2*i + 4*v - 2*v - 22, -2*v = 4*i - p. Suppose x = -0*x - 1, 3*a - 14 = 2*x. Calculate the remainder when i is divided by a.
3
Suppose 3*y - 72 + 33 = 0. Calculate the remainder when 25 is divided by y.
12
Let u(v) = v**2 + 8*v + 8. What is the remainder when 30 is divided by u(-9)?
13
Let h = 196 - 127. What is the remainder when h is divided by 24?
21
What is the remainder when (2 + (-6)/4)*106 is divided by 18?
17
Suppose 145 = 4*i - 1315. Suppose -2*b - i = -5*q + b, 0 = 3*q + 3*b - 195. What is the remainder when q is divided by 18?
16
Suppose 8 + 8 = 2*y. Suppose -4*a = -9*a + 75. Calculate the remainder when a is div